- n*o + 890 = 0, a*j + 5*o = 5*j - 228. Is j a composite number?
False
Let r be 2/6 + 10/(-3). Let i = r + 6. Suppose -4*s = -20, -3*s = -i*u - 5*s + 241. Is u a composite number?
True
Suppose l + 5*r - 924 = 0, 2*r + 3622 = 4*l - 96. Is l composite?
False
Let l(j) = 27*j - 22. Let b be l(5). Let o = b + -28. Is o composite?
True
Let s(y) = 1. Let j(u) = u + 7. Let m(f) = -j(f) + 5*s(f). Let d be m(-2). Suppose d*t = 3*t - 633. Is t a composite number?
False
Suppose l + 4*l - 23261 = -t, 0 = -5*t - l + 116257. Is t composite?
False
Let r(u) = 0*u + 13 - 5 - 6*u. Is r(-5) composite?
True
Let y be (1*210)/(-1)*-1. Let b = 4 + -1. Is y - (-2 + 4 - b) a prime number?
True
Let y = -875 - -4924. Is y prime?
True
Let f = 346 - 201. Is f a prime number?
False
Let o = 207458 + -129357. Is o a prime number?
True
Let f(u) = 6*u**2 + 2*u - 7. Let i be -4 - (-201)/18 - (-2)/(-12). Is f(i) composite?
True
Suppose -55*f + 117742 = -71073. Is f a composite number?
False
Let g = -18 - -1565. Suppose -3*d = -3*v + 1542, 0 = -3*v + 3*d + d + g. Is v composite?
False
Let c = -85 - -276. Is c a composite number?
False
Suppose 10*t = -0*t + 165650. Is t composite?
True
Let o = -197 - 368. Let p = 3707 - o. Is p/27 + 4/(-18) a prime number?
False
Let u(j) be the first derivative of 25*j**2/2 - 29*j + 8. Is u(16) a composite number?
True
Let f(d) = -2*d**2 + 12*d + 1. Let a be f(10). Let r = -265 + a. Let w = r + 493. Is w a prime number?
True
Let c(p) = 4*p + 7. Let z be c(-3). Let s(w) = -2*w**3 - 4*w**2 + w - 2. Is s(z) a prime number?
False
Let b(t) = 259*t + 158. Is b(19) a composite number?
True
Suppose 0 = -3*n + 2*p + 9265, 3*p + 6251 = 5*n - 9192. Is n composite?
True
Let p(c) = 3*c**3 - c**2 + 82*c + 19. Is p(13) composite?
False
Suppose 4*s - s = 15, -2*d - 2*s - 34 = 0. Is d*2*(-97)/4 prime?
False
Is 35058 + -5 + 48/4 a composite number?
True
Suppose 0*n - 2*n = 0. Suppose n*m + 1 = -5*t - 4*m, 21 = 3*t - 3*m. Suppose t*y = 4*y - 749. Is y composite?
True
Let n(q) = 5*q**3 + 24*q**2 + 52*q + 47. Is n(16) composite?
True
Let t = -14724 + 21323. Is t a prime number?
True
Let p(v) = 29*v + 10. Let c be p(6). Is 1/(-2)*-5*(c + -6) a prime number?
False
Let f(k) = k**3 - 4*k**2 + 3*k + 2. Let x be f(3). Suppose -x*c + 12 = 2*c. Suppose -c*w = 3*v - 165, 3*w - 153 = -3*v + 6*v. Is w composite?
False
Suppose -2*o + g = -1393, -10*g + 15*g = 2*o - 1389. Is o a composite number?
True
Suppose -6 = -h - 3. Suppose 15 = -5*u + 5*w, -3*u = 2*u - h*w + 5. Is (-362)/(-1)*u/4 a composite number?
False
Let q(f) = 356*f + 16. Let t be q(1). Suppose -2*c = -48 - 46. Let a = t + c. Is a prime?
True
Suppose 10*j - 195453 = -4423. Is j composite?
True
Let a = 374 + -562. Let t = a + 729. Is t a composite number?
False
Let f = 38559 + -17990. Is f a composite number?
True
Let c(f) = f**2 + 6*f + 2. Let g be c(-5). Let j be 2 + g - (15 - -3). Let q = 0 - j. Is q a composite number?
False
Suppose l = -0*r + 5*r - 9862, 3 = l. Is r composite?
False
Is 145819/13 + 6 + 76/(-13) prime?
False
Suppose 7*j + 16 = 9*j. Suppose 138 = j*m - 2*m. Is m composite?
False
Is ((-2)/(-13) - (-16)/(-104)) + 27763 a prime number?
True
Let f(m) be the third derivative of -101*m**4/12 + m**3/2 + 11*m**2. Let x be ((-12)/(-9))/(8/(-12)). Is f(x) a prime number?
False
Suppose -4*t - 926 + 33978 = 0. Is t a composite number?
False
Let a(d) = 14*d**2 + 13*d + 37. Is a(30) prime?
False
Let x = -195 - -23. Suppose 0 = -4*i, -4*o + 3*i - 8*i - 476 = 0. Let r = o - x. Is r composite?
False
Let v be 5*2 + 5 + -7. Let q(p) = -p**3 + 11*p**2 - 2*p + 2. Is q(v) prime?
False
Suppose -14373 = -y - 4*z, -2*z = -z - 3. Is y a prime number?
False
Let f be (2 + -3 - -1)*1/1. Suppose f = -o + 4*x + 85, 3*o = -4*x + 8*x + 263. Is o a prime number?
True
Suppose 2*y = -2*d + 6824, -10226 = -3*y - 5*d + 4*d. Is y prime?
True
Let q be ((-8)/(-1))/24*-3. Let a(r) = -60*r + 1 + 3 - 2. Is a(q) a prime number?
False
Let i be ((-2)/6)/(16/480). Is ((i/6)/(-1))/(7/6153) a prime number?
False
Let m = -4 - -8. Suppose 0 = 3*z + m - 16. Suppose -4 = -z*f, 2*v = 6*v + 2*f - 94. Is v prime?
True
Let a(n) = 15*n**2 - 16*n + 84. Is a(13) prime?
True
Suppose 2*j = -4*d - 3*j + 3, -5*d - j = -9. Let q be -6*d/4*-1. Suppose c - 2*c - q*v = -142, -5*v + 660 = 5*c. Is c a prime number?
True
Let l be (0 - 2/(-6)) + 152/(-6). Let m = -19 - l. Is m composite?
True
Is (-13797 - 2)/(2/4*-2) a composite number?
False
Let z(p) be the second derivative of -19*p**3/3 - p**2/2 - 5*p. Let s be z(-4). Suppose 3*t + j - 3*j - 449 = 0, -t + s = -2*j. Is t prime?
True
Suppose 0 = 11*p + 47275 - 196226. Is p a prime number?
False
Suppose -2 = 5*f - 17. Suppose -f*y = 2*y - 85. Let w(l) = l**3 - 16*l**2 - 3*l - 17. Is w(y) prime?
False
Suppose 2*f + 62 = -4*o, -3*f + 6*f = -5*o - 96. Let g = -35 - f. Suppose -b - 4*i - 3 = -2*i, 0 = -g*b + 5*i + 21. Is b a prime number?
True
Let o(d) be the first derivative of -16*d**3/3 - 2*d**2 - 2*d - 10. Let f be o(5). Is (-14 + 16)*f/(-4) a composite number?
False
Let g(v) = v**2 + 1. Let i be g(-1). Is (i - (0 - 0)) + (-28083)/(-69) a composite number?
False
Let z(h) = -4*h**3 - h**2 + 5*h - 12. Let g be z(-5). Suppose -b - g = -3*c, -5*c - 3*b + 8*b = -740. Is c composite?
True
Suppose -3*m + 4*h + 9 = -7, 2*m = -2*h + 6. Suppose 842 = 3*k + k + 5*w, m*k = -2*w + 848. Is k a prime number?
False
Suppose -2 = -i - 0. Suppose 81*c - 82*c + 1 = 3*y, y + 5*c = 5. Suppose 2*f + 0*p + 2*p - 138 = y, -i*f - 5*p = -138. Is f prime?
False
Is (226674/39 - -3) + 8/(-52) a prime number?
False
Let t(j) = -j**3 + 5*j**2 - 3*j - 4. Let d be t(4). Let u = 426 + -426. Suppose u = 3*a + 7 + 8, d = -v - 4*a - 17. Is v a prime number?
True
Suppose -99*s = -103*s - 2*m + 120910, 0 = -5*s + 4*m + 151131. Is s composite?
True
Let n(q) = -936*q + 25. Is n(-8) a prime number?
False
Let g be ((-1)/(-1))/(3 - 2). Let d(f) = f**3 - 1. Let m(o) = 5*o**3 + 3*o - 11. Let j(w) = g*m(w) - 4*d(w). Is j(5) a prime number?
False
Let x be 8/2*7/(-28). Let b be (22/(-2))/(x/148). Suppose -5*n + b = -n. Is n composite?
True
Let t = -240 + 240. Let s(q) = 5*q**3 + 4*q**2 + 3*q + 1079. Let r(u) = -11*u**3 - 9*u**2 - 7*u - 2158. Let v(y) = 4*r(y) + 9*s(y). Is v(t) composite?
True
Suppose v + 0*v = 3. Let z be v/(-4) - 105/20. Is (-52)/z*9 - -1 prime?
True
Let m = -5229 - -8648. Is m composite?
True
Is 313869*(8/33 + 12/132) a prime number?
True
Suppose -8*x + 4*x - 88 = 0. Let d = 26 + x. Suppose d*b - 213 - 1111 = 0. Is b prime?
True
Let u(k) = -k**3 - 15*k**2 - 14*k + 14. Let p be u(-14). Let z = p - 14. Suppose z*g = g - 263. Is g prime?
True
Let g = -14069 - -27586. Is g composite?
True
Let h(i) = 2*i + 22. Let t be h(-9). Suppose -x + 4*q = t, -x - q = -9 + 3. Is 765/3 + -2 + x composite?
False
Let d(l) be the second derivative of l**5/20 - l**4 + 7*l**3/2 - l**2/2 + 26*l. Is d(17) composite?
False
Suppose 5*v + 4*g - 29 = 0, 4*g - 2 - 2 = 0. Let j be (v + -182)/((-9)/12). Suppose -b - 3*b = -j. Is b prime?
True
Suppose -2*v - j - 17 = -3*v, 0 = 5*v - j - 65. Is -20*(477/v)/(-3) composite?
True
Let x(q) = 6183*q + 64. Is x(1) a prime number?
True
Let d(a) = -5 + 1 - a + 5. Let t be d(-1). Suppose z + t*c - 1035 = 0, -2*c - c + 5203 = 5*z. Is z prime?
False
Suppose -3*l + 42 = -2*l. Let q be (l/9)/((-2)/(-102)). Suppose -54 = 4*m - q. Is m composite?
True
Let r = -21 + 18. Let t be -3 - ((-18)/3 - r). Suppose 3*b - 7*b + 452 = t. Is b prime?
True
Let j(u) = u**3 - u**2 + 2. Let z be j(0). Let w = 389 - 386. Suppose -4*i = z*o - 218, -w*o + 222 = -i - 126. Is o prime?
False
Suppose -4*m + v - 31 = 0, 4*m - 3*v + 8*v + 61 = 0. Let d(w) = 14*w**2 - 7*w + 52. Is d(m) composite?
False
Is 953*(-21)/(-18)*6 a prime number?
False
Let y = -28 - -24. Let m(v) = 10*v**2 + 5*v + 9. Is m(y) composite?
False
Is 17898/8 - 19/76 composite?
False
Suppose 11 = 4*a - 3*l, -5*l = 8*a - 7*a - 20. Suppose 9687 = 3*p + 2*t, 3*p - 9726 + 39 = a*t. Is p composite?
False
Let m be 8/4 + 960/(-2). Let p = m + 681. Is p composite?
True
Let m = 289 + 357. Let i = m - 157. Is i composite?
True
Suppose 0*r + b + 24687 = 5*r, 2*b = 3*r - 14815. Is r a prime number?
True
Let j(l) = 5028*l - 1. Let d be ((-6)/(-12))/(2/8). Is j(d) composite?
True
Let d be 5/((-20)/(-16))*(-3)/(-6). Sup